Let a(s) = -659*s**2 + 1295*s + 42. Determine a(2).
-4
Let h(o) = o**3 - 33*o**2 - 677*o + 19685. Calculate h(31).
-3224
Let x(y) = -3066*y + 257517. Determine x(84).
-27
Let k(d) = -134*d**2 - 2290*d - 7001. Calculate k(-4).
15
Let x(c) = 2971*c - 436. Give x(0).
-436
Let p(n) = 3355*n + 70391. Determine p(-21).
-64
Let p(j) = -4*j**2 + 417*j - 233. Calculate p(104).
-129
Let s(m) = 8474*m - 42386. Give s(5).
-16
Let x(o) = 80*o + 5067. Determine x(-73).
-773
Let a(p) = -30*p**2 - 3859*p + 1263. Give a(-129).
-156
Let w(u) = u**3 + 61*u**2 + 7145*u + 425139. Calculate w(-60).
39
Let l(w) = w**3 - 271*w**2 - 9374*w + 3894. Determine l(302).
270
Let t(m) = 7*m**3 + 731*m**2 - 1183*m - 743. What is t(-106)?
1059
Let c(z) = 5776*z + 149750. Calculate c(-26).
-426
Let v(s) = -80*s**2 + 105*s - 648. Calculate v(6).
-2898
Let a(s) = -53*s - 4957. What is a(-50)?
-2307
Let h(r) = -r**2 + 142*r - 1684. Give h(121).
857
Let t(o) = -o**2 - 25253*o - 151481. Determine t(-6).
1
Let r(x) = 14*x**2 + 7529*x + 6884. Determine r(-537).
977
Let m(h) = 3*h**2 - 539*h + 20080. What is m(124)?
-628
Let o(q) = -2429*q + 106817. Calculate o(44).
-59
Let r(v) = 3*v**3 - 449*v**2 + 14608*v - 2252. Determine r(102).
-8
Let f(r) = -r**2 - 476*r + 14131. Determine f(28).
19
Let u(r) = -44*r - 9163. Give u(-201).
-319
Let b(y) = y**3 - 46*y**2 + 200*y + 118. What is b(41)?
-87
Let j(y) = 3*y**3 - 15*y**2 - 1986*y + 2001. Determine j(1).
3
Let l(x) = -85446*x + 1708905. Give l(20).
-15
Let f(y) = -25*y**2 - 137*y + 1315. Give f(9).
-1943
Let s(c) = c**3 + 134*c**2 - 1944*c - 5030. Calculate s(-147).
-179
Let z(t) = -t**3 - 8*t**2 + 1130*t + 10132. Give z(-9).
43
Let s(p) = 1014*p**2 - 288*p - 288. What is s(-1)?
1014
Let u(r) = 4*r**2 + 167*r - 31447. Give u(70).
-157
Let t(c) = -25*c**2 + 1856*c + 3722. Determine t(-2).
-90
Let y(q) = -q**3 - 120*q**2 - 679*q + 17. What is y(-6)?
-13
Let v(b) = 1077*b - 259539. Give v(241).
18
Let c(v) = v**3 + 20*v**2 + 83*v + 790. Calculate c(-16).
486
Let d(u) = u**3 + 43*u**2 - 43*u - 164. What is d(-44)?
-208
Let f(p) = -p**3 + 11*p**2 - p + 51. What is f(9)?
204
Let i(t) = 3*t**3 + 279*t**2 + 294*t + 1659. What is i(-92)?
3
Let m(f) = f**3 + 67*f**2 - 27*f + 2566. Calculate m(-68).
-222
Let d(b) = 1352*b - 6722. Determine d(7).
2742
Let m(f) = 99*f**2 + 9118*f + 926. What is m(-92)?
6
Let s(j) = 49441*j + 692176. Give s(-14).
2
Let k(i) = 221*i**2 - 402*i - 1153. Give k(-3).
2042
Let o(p) = -3*p**3 + 400*p**2 - 407*p. Calculate o(1).
-10
Let c(w) = 4*w**3 + 1544*w**2 - 3*w - 3192. Calculate c(-386).
-2034
Let h(p) = 1061*p**2 - 29*p - 27. Give h(-1).
1063
Let m(s) = -2185*s - 74332. Give m(-34).
-42
Let w(u) = -304*u**2 - 76908*u + 1018. Calculate w(-253).
6
Let x(o) = 2*o**2 - 456*o + 20553. Calculate x(50).
2753
Let w(m) = 7163*m - 7160. What is w(1)?
3
Let g(b) = -b**2 - 143*b + 495444. Determine g(636).
0
Let i(r) = -1997*r + 19990. Determine i(10).
20
Let z(u) = 8156*u + 905301. Calculate z(-111).
-15
Let t(f) = 274*f - 3684. Determine t(17).
974
Let s(o) = -6*o**3 + 187*o**2 + 37*o - 2136. What is s(31)?
-28
Let f(l) = -l**3 - 93*l**2 - 1721*l - 289. What is f(-66)?
-4315
Let p(b) = -b**3 - 99*b**2 - 788*b + 210. Give p(-9).
12
Let u(v) = -18*v - 1352. Determine u(-94).
340
Let l(p) = 341*p**2 + 13272*p - 1060. Determine l(-39).
-7
Let p(q) = q**2 + 319*q + 23541. What is p(-116)?
-7
Let v(b) = -66412*b + 1859556. What is v(28)?
20
Let l(t) = 10*t**2 + 909*t + 10130. What is l(-13)?
3
Let d(z) = 1425*z + 7997. Calculate d(-6).
-553
Let h(l) = 2891*l - 653372. Determine h(226).
-6
Let k(u) = -2*u**3 + 225*u**2 - 104*u - 760. Determine k(112).
136
Let j(y) = 87*y**2 - 786*y - 16546. Determine j(-10).
14
Let z(i) = -2951717*i - 10. Calculate z(0).
-10
Let l(z) = -2*z**2 + 28*z + 1851. Give l(38).
27
Let b(v) = 11*v**2 + 708*v + 1619. What is b(-62)?
7
Let h(w) = w**2 + 136*w - 850. What is h(6)?
2
Let g(q) = 25*q - 1912. What is g(74)?
-62
Let j(k) = 680*k - 52611. Give j(75).
-1611
Let i(p) = -92*p - 16105. Determine i(-161).
-1293
Let a(f) = -6*f**3 + f**2 - 388*f - 53. Calculate a(0).
-53
Let b(n) = 5*n**3 - 65*n**2 - 881*n - 2115. Determine b(-5).
40
Let d(l) = -l**3 + 44*l**2 - 264*l + 225. Calculate d(36).
1089
Let s(l) = 364*l + 5735. Calculate s(-16).
-89
Let n(w) = -w**3 + 1121*w**2 + 126071*w - 117. What is n(-103)?
-14
Let s(o) = 594*o**2 - 892*o - 1786. Determine s(-2).
2374
Let j(n) = -n**3 - 148*n**2 - 1020*n - 32. Calculate j(-7).
199
Let b(d) = -494*d**2 - 461*d + 462. Calculate b(1).
-493
Let z(v) = -18*v**3 + 3*v**2 - 95*v + 161. Determine z(2).
-161
Let m(g) = 2*g**2 + 130*g - 2624. Calculate m(-81).
-32
Let w(x) = x**3 - 606*x - 63. What is w(0)?
-63
Let s(y) = 2292*y + 231506. Give s(-101).
14
Let h(c) = 4*c**3 - 29*c**2 + 13*c + 18. Calculate h(12).
2910
Let u(m) = -186*m**2 + 64*m - 54. Calculate u(1).
-176
Let d(l) = 68*l**2 + 438*l + 377. Determine d(-5).
-113
Let z(t) = -2140*t - 8616. What is z(-4)?
-56
Let i(f) = 63*f**2 - 103*f - 463. Calculate i(-2).
-5
Let w(m) = -21*m**2 + 1747*m - 958. Determine w(82).
1092
Let s(t) = 1141*t + 2288. What is s(-2)?
6
Let l(b) = -2*b**3 - 119*b**2 - 1557*b - 303. Determine l(-19).
39
Let z(k) = 2*k**3 + 70*k**2 - 1433*k - 51647. What is z(-33)?
-2
Let w(v) = 42746*v - 170316. What is w(4)?
668
Let w(z) = -z**3 - 5721*z**2 + 242043*z + 118. What is w(42)?
-8
Let a(n) = -16852*n + 674075. Give a(40).
-5
Let l(m) = 14*m**2 - 335*m + 187. What is l(23)?
-112
Let f(m) = -24816*m + 719736. Give f(29).
72
Let v(h) = h**3 - 16*h**2 - 334*h - 177. What is v(-12)?
-201
Let w(c) = -c**3 + 8*c**2 - 148*c + 4383. Determine w(16).
-33
Let b(a) = -1524*a - 105827. Calculate b(-71).
2377
Let a(s) = -17569*s + 228415. Give a(13).
18
Let s(p) = p**3 - 81*p**2 + 697*p + 7. Give s(10).
-123
Let k(i) = 109*i**3 - 348*i**2 - 101*i + 305. Determine k(3).
-187
Let d(s) = -3353*s - 995830. What is d(-297)?
11
Let n(q) = 14*q**3 + 14*q**2 + 79*q + 357. Determine n(-7).
-4312
Let m(w) = -3*w**2 - 821*w + 3447. Give m(-280).
-1873
Let t(i) = 46*i**2 + 137*i - 619. What is t(4)?
665
Let c(r) = 6*r**3 - 12*r**2 - r - 62. Give c(-5).
-1107
Let l(m) = 280*m + 6197. Calculate l(-24).
-523
Let z(m) = -m**3 + 197*m**2 - 3384*m + 396. Calculate z(178).
40
Let r(g) = -323*g**2 - 89*g - 377. Calculate r(-3).
-3017
Let t(p) = -2*p**2 + 1562*p - 4695. What is t(3)?
-27
Let m(q) = -1742*q - 794357. Calculate m(-456).
-5
Let p(s) = -3*s**3 + 22*s**2 + 405*s - 2193. Give p(5).
7
Let r(h) = -3*h**2 - 2085*h + 14746. Determine r(7).
4
Let p(j) = -44218*j**2 - 309546*j - 144. Give p(-7).
-4
Let v(d) = 18*d**3 + 1031*d**2 + 260*d - 1419. What is v(-57)?
6
Let c(t) = -t**2 + 22555*t - 270538. What is c(12)?
-22
Let u(j) = -58846*j**2 + 294229*j + 8. Give u(5).
3
Let r(u) = 2*u**3 - 46*u**2 + 420*u + 18. What is r(10)?
1618
Let t(f) = 533*f - 7771. What is t(14)?
-309
Let p(n) = -n**3 - 375*n**2 + 1913*n - 57. Give p(5).
8
Let g(b) = -232*b**2 + 36*b - 34. Determine g(1).
-230
Let h(g) = -508*g - 4396. Determine h(-8).
-332
Let p(f) = -f**3 - 7*f**2 + 189*f + 1311. Calculate p(-7).
-12
Let x(v) = -155*v - 4748. Calculate x(-30).
-98
Let h(c) = c**3 + 16*c**2 - 326*c - 4720. Determine h(-13).
25
Let t(w) = 10*w**2 - 531*w + 560. What is t(52)?
-12
Let j(i) = 520*i + 28625. What is j(-55)?
25
Let n(g) = -5252*g - 393918. Give n(-75).
-18
Let h(v) = v**3 - 473*v**2 + 461*v + 5151. Calculate h(472).
-41
Let k(h) = -285*h**2 - 7396*h + 362. Give k(-26).
-2
Let o(s) = -111*s**3 - 10*s**2 - 10*s + 4. What is o(-2)?
872
Let r(t) = 5397*t**2 + 107944*t + 78. Determine r(-20).
-2
Let o(i) = -27206*i + 54340. Give o(2).
-72
Let m(q) = -26007*q + 21507785. Determine m(827).
-4
Let t(j) = 38*j**2 - 32*j + 58. Calculate t(-2).
274
Let v(r) = r**3 - 51*r**2 - 2993*r - 18118. Give v(-7).
-9
Let s(o) = 44*o**2 + 1184*o - 7031. Calculate s(5).
-11
Let k(i) = -i**2 - 267*i - 9077. Determine k(-40).
3
Let v(r) = -14*r + 2181. Give v(-12).
2349
Let y(l) = -7372*l - 110425. Give y(-15).
155
Let r(w) = w**3 - 9*w**2 + 495*w - 1916. Calculate r(4).
-16
Let s(n) = -2634*n - 173816. Give s(-66).
28
Let i(o) = o**2 - 66*o - 716. Give i(-8).
-124
Let j(w) = -2*w**3 - 707*w**2 + 1717*w + 730709. Give j(-353).
-1
Let h(g) = 24651*g + 337